he highest common divisor of w and 319?
11
Suppose 2*p = 7*p - 130. Suppose -l = -p + 13. Let y = -38 + 77. What is the highest common divisor of l and y?
13
Suppose -u = b - 2, 3*b - 4 - 4 = -u. Suppose -5*y + 89 = -3*h, b*y - 2*h - 36 = -6*h. Calculate the greatest common divisor of y and 144.
16
Let u = -56 - -184. What is the greatest common factor of 4 and u?
4
Suppose g + g = 8. Let s = -9619 + 9655. Calculate the greatest common divisor of g and s.
4
Suppose 2*z - 6*z = 2*a - 64, 4*z + 80 = 4*a. Calculate the greatest common factor of 54 and a.
6
Suppose 2*q = 2*p - 26, 2*p - 2*q = -5*q + 1. Let h be (-66)/((-1)/(9 + -1)*6). What is the greatest common factor of h and p?
8
Let i = -7 - -17. Suppose 0 = 4*w + w - i. Let h be (80 - w)*20/15. What is the greatest common factor of h and 13?
13
Let c(l) = l**2 - 12*l + 61. Let a be c(9). Calculate the greatest common factor of a and 221.
17
Suppose -8*y = -6*y + 4. Let n be (y/(-4))/((-3)/(-84)). Calculate the greatest common factor of n and 56.
14
Let l(t) = -3*t - 78. Let q be l(-24). Let s be q/45 + (-544)/(-30). Calculate the highest common factor of 24 and s.
6
Let b(w) = w**2 + 2*w + 45. Let g be b(0). Let r(x) = x**3 - 10*x**2 - 11*x + 5. Let t be r(11). Calculate the highest common factor of t and g.
5
Suppose -10 = 6*d + 182. Let l = -14 - d. Calculate the highest common factor of l and 2.
2
Let d(k) = -13*k + 13. Let f(j) = -1. Let b(v) = d(v) + 3*f(v). Let w be b(-6). Suppose 5*z = 76 + 34. Calculate the highest common factor of z and w.
22
Suppose -5*k + 111 = -2*k. Let w = k + -24. What is the greatest common factor of w and 52?
13
Let c be 294/15 - (-2)/5. Suppose p - 5*s = 18, 0 = 5*p - 0*p - 5*s - 30. Suppose 0 = -p*o + 17 - 2. Calculate the highest common divisor of c and o.
5
Suppose -4*z + 294 = -70. What is the greatest common divisor of 208 and z?
13
Suppose 35 - 10 = 5*a. Suppose a + 10 = 3*l. Suppose l - 2 = q + 5*n, -4*n = 3*q - 20. Calculate the highest common factor of q and 16.
8
Let i = 38 + 106. Let r(u) = u**3 + 22*u**2 - 20*u + 77. Let d be r(-23). Calculate the greatest common factor of i and d.
8
Let b(a) = 15*a**2 + 1. Let j be b(1). Let u(l) = -l**2 + 16*l - 6. Let i be u(j). Let d be (90/(-12))/(3/i). What is the highest common divisor of d and 135?
15
Suppose r = 2*f - 7, -37 = -5*r + 6*f - 8*f. Let h = -46 + 86. What is the highest common divisor of r and h?
5
Let o(l) = 3*l - 1. Let d(s) = -s - 3. Let w be d(-6). Let t = w - -1. Let f be o(t). Calculate the greatest common divisor of 77 and f.
11
Suppose f = 6*f - 1100. Let p(i) = i**2 - 7*i + 12. Let d be p(8). What is the greatest common divisor of f and d?
20
Let l = 21 + -16. Suppose 0 = -j - 3*g - 7, l*j = j - 2*g + 22. What is the greatest common divisor of j and 56?
8
Let q = -427 + 449. Calculate the greatest common divisor of 22 and q.
22
Suppose -y = 4*y - 80. Let t be (-1)/(3 + 268/(-68) - -1). Let a(k) = k + 21. Let o be a(t). What is the greatest common factor of o and y?
4
Suppose -2*q = 4*u - q - 147, -5*u - 4*q + 181 = 0. Suppose 29 = 2*s + c - 36, s - 4*c = 28. Let r = u - s. What is the greatest common factor of r and 1?
1
Let m(p) = -2*p - 26. Let x(w) = -1. Let v(a) = m(a) - x(a). Let o be v(-11). Let l be (o/(-2))/(15/80). Calculate the highest common factor of l and 16.
8
Suppose 16*a + 2400 = 41*a. What is the greatest common divisor of 40 and a?
8
Suppose 585 = -52*n + 55*n. What is the greatest common factor of 26 and n?
13
Suppose 3*c - 32 = 1. Let d be 0 + 1 + -3 + c. Let u be -12 + d - (-2 + -23). What is the highest common factor of u and 198?
22
Suppose -327*u + 317*u = -340. What is the highest common divisor of 493 and u?
17
Suppose 2*n + 4 = 6*n. Suppose -3*u + 53 = 12*o - 8*o, 43 = 3*u + 2*o. Calculate the greatest common factor of u and n.
1
Let c(l) = -51*l**3 + 2*l**2 + 2*l + 1. Let g be c(-1). Suppose 14*x = x + g. What is the highest common factor of x and 14?
2
Let s = -4 + 7. Let b(p) = 13*p + 1. Let l be b(s). Suppose g + l = 3*g. What is the greatest common divisor of g and 20?
20
Let v = -212 + 537. What is the greatest common factor of 25 and v?
25
Let a(z) = -z**3 + z + 2. Suppose 2*x = 5*x. Let c = 0 - x. Let p be a(c). Calculate the highest common factor of 14 and p.
2
Suppose 53*b + 13130 = 35178. What is the greatest common factor of b and 143?
13
Let a(h) = h**3 + 8*h**2 + 6*h + 6. Let k be a(-7). Let z be 1/(732/364 + -2). What is the highest common factor of k and z?
13
Let x = 346 - 297. Suppose 3*i - 9 = 3*b, 4 = i + 5*b - 23. What is the greatest common factor of x and i?
7
Let g be (-1410)/(-11) - 64/352. What is the greatest common divisor of g and 56?
8
Let o(q) = 61 - 71 + 14*q - 3*q. Let f be o(4). Calculate the greatest common divisor of f and 85.
17
Let l be 55 + 2 + -7 + 6. Let j = l + -23. What is the greatest common factor of j and 22?
11
Let s = 7 - 7. Suppose s = 17*p - 20*p + 243. Suppose -18 = -0*n - 2*n. Calculate the highest common factor of p and n.
9
Let x(v) = -3*v**3 - 2*v**2 - v + 9. Let n be x(0). Calculate the greatest common factor of 171 and n.
9
Let i(u) = -2*u**3 + 9*u**2 + 8*u - 5. Let d be i(5). Calculate the greatest common factor of d and 25.
5
Let w(q) be the first derivative of -3*q**2/2 + 32*q + 11. Let n be w(8). Calculate the highest common factor of 20 and n.
4
Let r(j) = 4*j**3 - 2*j**2 - j - 2. Let f be r(2). Let v be (130/f)/(1/2). Suppose -67 = -o + v. Calculate the highest common factor of o and 16.
16
Suppose 3*x - 121 = -4. Suppose 41*b - x*b - 12 = 0. Calculate the highest common divisor of b and 42.
6
Let j = -829 - -964. Calculate the greatest common divisor of j and 105.
15
Let p(a) = a**3 + 5*a**2 - 13*a - 12. Let o be p(-6). Calculate the highest common divisor of o and 495.
15
Let z(d) = 1. Let v(x) = -12*x + 76. Let g(o) = v(o) - 3*z(o). Let s be g(-8). Calculate the greatest common divisor of 13 and s.
13
Let f(k) = 9*k - 90. Let a(p) = -2*p + 18. Let q = 52 + -73. Let g(i) = q*a(i) - 4*f(i). Let w be g(5). What is the highest common divisor of 108 and w?
12
Let n(h) = 2*h**2 - 4*h + 12. Let d be n(8). Let r(v) = 4*v - 3. Let c be r(2). Let z = c - -7. What is the highest common divisor of d and z?
12
Let u be ((-90)/(-3))/((-6)/(-9)). Suppose 5*j - 151 + 496 = 2*s, -5*s + 903 = j. Calculate the highest common divisor of s and u.
45
Let h(r) = -5*r - 18. Let l be h(-12). Let m = -74 + l. Let n = -18 - m. What is the highest common factor of 112 and n?
14
Let y(u) = 5*u**2 + 5. Let l be y(5). What is the highest common factor of 160 and l?
10
Suppose -11*n + 1069 = 277. What is the greatest common divisor of n and 306?
18
Suppose 20 = 2*x - 4*y, 61 + 25 = 5*x + 2*y. Suppose 279 = 21*t + 111. Calculate the highest common divisor of x and t.
8
Let l(b) = 14*b**2 + 12*b + 6. Let w be l(-3). Calculate the greatest common divisor of 240 and w.
48
Suppose 4*h - 120 = 2*r + 1366, -2*h - 4*r = -718. What is the greatest common divisor of h and 9?
9
Let s be 8*(19 - (-4)/(-1)). Suppose 2*x - 4*x = -s. What is the greatest common divisor of 24 and x?
12
Let o = 313 + -178. Suppose -o = -6*j + j. Suppose -g - 6*q = -2*q - 20, -3*g + j = q. What is the highest common factor of g and 88?
8
Suppose 216 = 5*g - 2*f, 3*g - f - 134 = -2*f. Suppose -6*x = -5 - 19. Calculate the highest common divisor of x and g.
4
Let a = -1382 - -1517. What is the greatest common divisor of 450 and a?
45
Let b = 3082 + -1486. What is the highest common divisor of b and 84?
84
Let y(l) = -2*l**2 - 2*l - 37. Let z be y(0). Let m = z + 41. What is the highest common divisor of m and 6?
2
Let j(b) = 6*b**2 - 18*b. Suppose 3*v - 5*x - 34 = -x, 5*v - 14 = -4*x. Let r be j(v). Calculate the highest common factor of r and 9.
9
Suppose -6*q + 7*q = 23. Let v = q + -22. What is the highest common divisor of 11 and v?
1
Let n be 2/3 + 34/3. Let c = 213 + -399. Let l be c*1/(-2) - -3. What is the highest common divisor of n and l?
12
Let i be (-15 + 4)*1*1. Let n be 18/99 - (-134)/i. Let o be 3/n + (-953)/(-4). What is the greatest common divisor of 34 and o?
34
Suppose -4*u - 4*u = -16. What is the greatest common factor of u and 2?
2
Suppose 0 = -2*p + 5*h - 2, 0 = -p - 3*p - 3*h + 22. What is the highest common factor of 76 and p?
4
L